hest common divisor of 128000 and 60.
20
What is the highest common factor of 44 and 741862?
22
What is the highest common divisor of 6006 and 732?
6
Calculate the highest common factor of 686 and 756658.
686
What is the highest common divisor of 100 and 70820?
20
What is the greatest common divisor of 1302 and 1974?
42
What is the greatest common divisor of 10 and 2133320?
10
Calculate the greatest common divisor of 113588 and 73.
73
Calculate the highest common factor of 181728 and 8352.
288
What is the highest common divisor of 557 and 565355?
557
Calculate the highest common factor of 2796 and 49629.
699
Calculate the highest common divisor of 882 and 89460.
126
What is the greatest common divisor of 94 and 164782?
94
Calculate the highest common divisor of 828939 and 705.
141
Calculate the highest common divisor of 1020 and 33252.
204
What is the greatest common divisor of 78987 and 6757?
233
What is the highest common factor of 473 and 2573593?
473
What is the highest common factor of 410 and 179390?
10
What is the greatest common factor of 121979 and 1144?
143
Calculate the greatest common divisor of 364 and 46.
2
Calculate the greatest common factor of 147440 and 6305.
485
What is the greatest common divisor of 1932 and 653177?
161
Calculate the highest common divisor of 753434 and 4807.
253
Calculate the highest common factor of 69 and 118749.
69
Calculate the greatest common divisor of 1355 and 245797.
271
Calculate the greatest common divisor of 85253 and 6251.
133
What is the highest common factor of 3092838 and 5064?
1266
What is the highest common divisor of 84656 and 2640?
176
What is the highest common divisor of 1988543 and 1052?
263
Calculate the greatest common factor of 35804 and 64.
4
What is the highest common divisor of 30 and 831708?
6
Calculate the greatest common divisor of 141097 and 27775.
1111
What is the greatest common factor of 113229 and 7038?
207
Calculate the greatest common divisor of 918495 and 45.
45
Calculate the greatest common divisor of 876 and 2650484.
292
Calculate the greatest common divisor of 58517 and 326.
163
Calculate the highest common factor of 151137 and 9.
9
What is the greatest common factor of 66 and 40491?
33
Calculate the highest common factor of 145 and 580.
145
Calculate the greatest common divisor of 169 and 14911.
13
Calculate the highest common factor of 104589 and 18.
9
Calculate the highest common divisor of 12753 and 351.
117
Calculate the greatest common factor of 324080 and 160.
80
Calculate the highest common divisor of 209 and 1408.
11
Calculate the greatest common factor of 47425 and 6475.
175
Calculate the highest common factor of 4672 and 4891.
73
What is the greatest common factor of 6360 and 22472?
424
Calculate the greatest common divisor of 126 and 13536.
18
What is the highest common factor of 88895 and 161?
23
What is the highest common factor of 31382 and 26?
26
Calculate the greatest common divisor of 5174 and 598.
26
What is the highest common divisor of 42 and 1025598?
42
What is the highest common factor of 12330 and 360?
90
What is the highest common divisor of 15 and 91585?
5
Calculate the greatest common factor of 417834 and 5010.
1002
Calculate the greatest common divisor of 41657 and 11.
11
Calculate the greatest common divisor of 1125573 and 123.
123
What is the greatest common factor of 242136 and 2016?
72
Calculate the greatest common factor of 170 and 20230.
170
What is the highest common factor of 248 and 68107?
31
Calculate the highest common factor of 60605 and 155.
155
What is the highest common factor of 6870216 and 348?
348
Calculate the highest common divisor of 1834 and 598670.
262
Calculate the highest common divisor of 348 and 15828.
12
What is the greatest common factor of 50032 and 826?
118
What is the highest common divisor of 2164 and 2?
2
Calculate the greatest common factor of 363 and 2036199.
33
Calculate the greatest common divisor of 5489 and 77.
11
Calculate the greatest common divisor of 840 and 30720.
120
Calculate the highest common divisor of 700 and 36800.
100
Calculate the greatest common factor of 250134 and 282.
282
What is the highest common divisor of 4257 and 9504?
99
What is the greatest common factor of 2067175 and 275?
275
What is the greatest common divisor of 104 and 46748?
52
Calculate the greatest common factor of 1470 and 5835.
15
What is the greatest common factor of 2570 and 180?
10
Calculate the greatest common factor of 75 and 137675.
25
What is the highest common factor of 8211 and 46767?
357
Calculate the greatest common divisor of 16330 and 80270.
230
Calculate the highest common divisor of 25411761 and 9.
9
Calculate the greatest common divisor of 301188 and 228.
228
What is the greatest common divisor of 18693 and 1372897?
2077
What is the highest common factor of 414 and 3528?
18
What is the greatest common factor of 716 and 134787?
179
What is the highest common factor of 539127 and 666?
333
What is the greatest common factor of 11058 and 7818?
6
What is the highest common divisor of 9570 and 75?
15
Calculate the greatest common divisor of 392 and 1064.
56
What is the greatest common factor of 110 and 8559485?
55
Calculate the highest common divisor of 784 and 7399.
49
What is the highest common factor of 682 and 16647?
31
What is the highest common divisor of 121862 and 602?
86
Calculate the highest common factor of 667813 and 74.
37
What is the highest common divisor of 673398 and 297?
99
Calculate the highest common factor of 46770 and 120.
30
What is the greatest common factor of 305242 and 84?
14
What is the highest common factor of 23575 and 60?
5
What is the highest common divisor of 83539 and 9452?
139
Calculate the highest common divisor of 176204 and 84.
28
What is the highest common factor of 19313 and 434?
217
Calculate the greatest common divisor of 2332 and 4048.
44
What is the greatest common factor of 2914461 and 99?
99
Calculate the highest common divisor of 2896 and 38.
2
What is the highest common divisor of 45870 and 1056?
66
Calculate the greatest common divisor of 120841 and 1708.
427
Calculate the greatest common factor of 672 and 51296.
224
What is the greatest common divisor of 10335 and 78?
39
What is the greatest common divisor of 148736 and 84?
28
What is the highest common divisor of 13992 and 768?
24
What is the highest common divisor of 46522 and 154?
14
Calculate the greatest common factor of 160 and 6628.
4
Calculate the highest common factor of 7205 and 18209.
131
Calculate the highest common factor of 495 and 69135.
165
Calculate the greatest common factor of 14 and 18970.
14
What is the highest common divisor of 93 and 428079?
93
Calculate the highest common factor of 5050 and 50.
50
What is the highest common factor of 8879 and 169?
13
What is the greatest common factor of 49421 and 12863?
677
What is the highest common factor of 102 and 1156323?
51
Calculate the greatest common divisor of 297724 and 372.
124
Calculate the greatest common divisor of 81 and 133299.
27
Calculate the highest common divisor of 21045 and 345.
345
Calculate the greatest common factor of 18 and 152298.
18
Calculate the highest common divisor of 36 and 555804.
36
Calculate the highest common divisor of 184023 and 644.
161
Calculate the greatest common factor of 193689 and 27.
9
Calculate the greatest common factor of 2272 and 10592.
32
Calculate the greatest common factor of 120 and 720420.
60
What is the highest common factor of 5037 and 207?
69
Calculate the greatest common divisor of 256200 and 336.
168
Calculate the greatest common divisor of 21436 and 7922.
466
Calculate the greatest common factor of 700 and 268058.
14
Calculate the highest common divisor of 131316 and 18228.
372
Calculate the greatest common divisor of 8320 and 12805.
65
Calculate the greatest common divisor of 14256 and 204.
12
What is the greatest common divisor of 1485 and 15120?
135
Calculate the greatest common factor of 920 and 103592.
184
What is the highest common factor of 1159592 and 98?
14
What is the highest common divisor of 91 and 230711?
13
Calculate the greatest common factor of 16 and 57416.
8
Calculate the highest common divisor of 1029 and 17542.
49
Calculate the greatest common factor of 226 an